7) + (-1 - -3) - (-193 + 173)?
13
What is the value of (-7 + 4 - -9) + -3?
3
What is the value of -8 + 16 - -1 - 0 - -9 - 4?
14
Evaluate 21 + -33 - (2 + -10).
-4
Calculate -4 - (-17 + (-2 + 12 - -1)).
2
2 + (-1 + -2 - (-143 - -132))
10
Calculate 7 + -9 + -5 + 20.
13
What is 22 + 8 - (0 + 8)?
22
Calculate 6 + 3 + (-10 - -7) - (-2 + 8).
0
Calculate 14 - (-8 + 9 + 1).
12
What is the value of 10 - (-10 - -12) - 6?
2
Calculate -8 - (31 + -52) - ((0 - 1) + -2).
16
What is the value of 0 - -8 - (-3 - 11 - 2)?
24
What is the value of 11 + -1 - (3 + -8 + 9) - 3?
3
Calculate (-2 - -3) + -3 - 16 - -8.
-10
-10 + -27 + 19 + 25 + 0 - 26
-19
Evaluate 9 - ((1 - (2 + -7)) + -8).
11
Evaluate -7 + 2 + (14 + 6 - 10).
5
Calculate -16 + 2 + (-109 - -156).
33
Calculate (-4 - -12) + -21 - -28 - 6.
9
-24 + 5 - -24 - (-5 + 27 + 2)
-19
Evaluate 5 + 0 + 8 + -26.
-13
What is (1 + 5 + (3 - 2) - 7) + -10?
-10
Evaluate 18 - ((2 - -5) + 0) - (3 - 4).
12
What is the value of 26 + (-3 - (22 - 1))?
2
Calculate -5 + 3 + -2 + -2 + -330 + 344.
8
-158 + 188 - (-1 + 4 - 1)
28
Calculate (9 + -2 - 11) + -2.
-6
Evaluate -11 + 19 + -14 + -7.
-13
(18 - (-9 + 22)) + (0 - 10) - -8
3
Calculate -3 + 1 + 10 + -17 + -23 + 22.
-10
What is the value of -22 + (-14 - -44) + (2 - 17)?
-7
-7 - (-2 - (7 + (1 - 5)))
-2
(3 - 1) + (7 - (9 + -3 - -8))
-5
Evaluate -24 + 4 + -11 + -6 + 9 + -7.
-35
What is 8 + -19 + 11 + 7 + -1?
6
(28 - 28) + (26 - 6) + (3 - -1)
24
What is 11 + -27 + 1 - (1 - -7)?
-23
Calculate 8 + -3 - (98 + -87).
-6
(-3 - (-27 - -22) - (0 + 0)) + -8
-6
Calculate 15 + -19 + (1 - -11) + 1 + -32.
-23
Calculate 0 + -7 - -5 - (-1 + (-1 - -39)).
-39
-673 + 670 + (16 - -2)
15
Calculate -15 - (-50 + 22) - -9.
22
Evaluate -162 + 147 + -1 + 20.
4
2 - 0 - (0 + 8) - (-2 + -2)
-2
Calculate -7 + 6 + -21 + 2 + 12.
-8
(-8 - (-35 - -17)) + (-11 - 1) - 5
-7
What is the value of -53 - -29 - (21 + -20)?
-25
What is 3 + -4 - 1 - (182 + -180)?
-4
What is the value of (-2 - -7) + -2 + 9 - 5?
7
What is the value of 0 + 2 - (-259 - -249)?
12
Calculate -2 + -5 - 1 - (66 + -74).
0
(7 - 12 - -6) + -19
-18
Evaluate -7 + (2 + 3 - (55 - 41)).
-16
Evaluate (-1 + -1 - (-3 + -10)) + (3 - 0).
14
What is the value of (-17 - (16 + -26)) + (-4 + 1 - 1)?
-11
Evaluate (-35 - -7) + (20 - (3 - (-10 + 3))).
-18
Calculate (6 - 5) + (-4 - -16 - 3).
10
-17 - ((9 - (-7 + 9)) + -11)
-13
Calculate -43 + (29 - 24) - -23.
-15
(-1 - 1) + (5 + -2 - -15) + -4
12
Calculate 43 - (-6 + 13 + 15).
21
Evaluate 19 + (-9 - ((7 - 7) + 0)).
10
Evaluate (4 - 5) + 9 - (3 + 3).
2
What is (3 - 7) + (3 - -11) - (-39 - -41)?
8
Calculate 1 + (7 - 10) + -3 - -24.
19
Calculate -62 + 85 + 15 + -22.
16
What is the value of (4 - 16) + 22 + -1?
9
Calculate -8 - (4 - (5 + 3)) - (-20 - 0).
16
Evaluate (-5 - (9 - 12)) + -2 + 17.
13
34 + (3 - (-6 - (-29 - -6)))
20
What is (11 + -1 - 5) + -9 - 0?
-4
What is the value of (21 + 5 - 2) + -25?
-1
Evaluate 1 + 0 + (-22 - (-15 - 11)).
5
Evaluate -7 + 3 - (-4 + 5 + -7) - 3.
-1
Calculate 8 + (7 - (-9 - (-20 + -9))).
-5
What is the value of 0 + -1 - -10 - 15?
-6
What is 7 - -7 - (18 + (-34 - -16))?
14
What is the value of -7 + 3 - (-6 + 8 - 4)?
-2
What is 4 - 2 - (-12 + 7 + (10 - -1))?
-4
Calculate 3 - (5 - (7 + -8) - -8) - 2.
-13
Evaluate 1 - (-18 + 17 - (-19 - 1)).
-18
What is (-20 - (25 + -35)) + 26 + -1?
15
Evaluate (-4 - (-2 + -5)) + (-18 - (-5 - -3)).
-13
Calculate 47 - -3 - (29 - 1).
22
Evaluate 6 + -4 + (10 - 18) - 3.
-9
What is -5 - (-4 + 11 - 5 - -9)?
-16
What is 1 - (3 + -7) - 9 - (8 + -11)?
-1
What is -4 + (4 - -13) + (-1 + -3 - 1)?
8
What is -13 + 8 + 3 + 1 + -20?
-21
What is the value of -12 + 4 - (7 + (-12 - -9))?
-12
What is the value of -2 + -6 + -1 + (-180 - -196)?
7
0 + (6 + -14 - (-7 + -4)) - 24
-21
Evaluate -7 + 15 + -2 + (-1 - (10 + -2)).
-3
Calculate 2 + (8 - 6 - 14 - -5).
-5
What is the value of (136 - 134) + 9 + 0?
11
-21 + 2 + 14 - 1
-6
Calculate 31 + -18 + -12 - 2.
-1
-6 + -5 + 1 - ((-9 - -24) + -6)
-19
Evaluate -7 + (-4 - (-6 - -2 - -6)) + 2.
-11
Evaluate -8 + 14 + -17 + 5 + -5.
-11
Evaluate 2 + (13 - (2 + 15)) + 11.
9
What is 1 + -7 - (4 - (-1 + 12 + -2))?
-1
What is 13 + -228 + 239 + (3 - (21 + -1))?
7
Calculate 19 + (-8 - 33) - -47.
25
What is the value of 19 + (20 - 33) + (-1 - 3)?
2
Calculate 10 - (91 + -87 + (1 - (0 - -1))).
6
Calculate -7 - ((7 - (10 - -14)) + 3).
7
What is the value of 4 + (1 - 6 - (16 + -22))?
5
What is 58 + 9 + -28 - 10?
29
What is the value of 25 + -8 + 3 + (-1 - (15 - 15))?
19
Calculate -24 + (-1 + -17 + 8 + 9 - 2).
-27
(-27 - -14) + 0 - (-1 + -3)
-9
-176 - -170 - (-2 + 2 - (42 + -1))
35
What is the value of (0 - (5 - 1)) + -18 + 36 + -17?
-3
Calculate 1 - (-1 + (-1 - -5) - (-5 + 5)).
-2
Evaluate 18 - (-2 + 0) - 35.
-15
Calculate 11 - -11 - (-16 - (-13 + -12)).
13
Calculate -30 + 6 + 59 + -25.
10
What is the value of 6 + (-8 - (-10 - -3 - -2))?
3
(-1 - (12 + -31 - -12)) + (-2 - -1)
5
What is 1 - -3 - (-3 - (-8 + -4))?
-5
(-44 - -35 - -54) + -34
11
What is -8 - (-8 - ((-15 - -7) + 15 + -16))?
-9
Evaluate (16 - 23) + 25 - 29.
-11
Evaluate -14 - (2 - 29 - (-23 + 9)).
-1
What is the value of (1 - -3) + -35 + 23 + 2 - -8?
2
What is the value of -8 + -2 + 5 + 0 - (-11 + -4)?
10
What is 2 - -25 - (-27 - -41)?
13
What is the value of -2 + (-13 - -4) + (-15 - -12)?
-14
126 - 141 - (4 - 41)
22
-11 + 26 + -14 + 4
5
Evaluate (-15 - 19) + 3 + 22.
-9
What is -3 + (-25 + 9 + 9 - -8)?
-2
Calculate (7 - 2 - 1) + (6 - (21 - 10)).
-1
Evaluate (17 + -16 + 28 - 17) + 14.
26
Calculate -2307 - -2290 - (-13 - -1 - 0).
-5
What is 7 - (4 + (24 - 6)) - (0 + -3)?
-12
What is -5 - -35 - (267 + -252)?
15
Evaluate -6 + -1 + (-17 - -50 - 30).
-4
Calculate 7 - (1 + (-14 - -11) + -5).
14
Evaluate (10 - 3) + (-8 - 1) + (-118 - -130).
10
Evaluate -31 + 0 + (-9 - -20).
-20
1 - (-7 + 5 + -1) - 12
-8
Calculate 6 - (-9 + -9 + 23 + -9).
10
What is the value of 1 + 2 + -45 + 44?
2
0 + 0 + (-24 - (-7 - -6))
-23
What is the value of (9 + -3 - 12) + (17 - 11) + -5?
-5
-4 - (0 + -24 + 17 + (-14 - -1))
16
What is the value of -20 - (14 - 18) - -17?
1
What is 12 - (6 + -22 - -41)?
-13
Evaluate -11 + -8 + (-3 - (-5 + -12)).
-5
What is the value of (11 - (77 - 57)) + (1 + -11 - -2)?
-17
Evaluate -1 + (-2 - -6) - 17 - (-12 - -4).
-6
What is 5 - -6 - (-2 + 7 + 14)?
-8
What is 110 - 114 - (2 - (0 - -5)) - 13?
-14
Evaluate 5 + -13 - (15 - 25).
2
15 - ((-2 - -5) + -3) - (-11 + 19)
7
What is (1 - (8 + -1)) + 6 + -3 - 0?
-3
Calculate (-60 + 34 - -43) + -4.
13
What is the value of -3 - -16 - (38 + -23)?
-2
0 + -53 - (-1336 - -1309)
-26
(17 - (17 - 12)) + (1 - 1)
12
(-2 - 2 - -1) + -11 + 18 + -9
-5
Evaluate (9 - (5 - (-19 + 7))) + 6.
-2
Evaluate 2 - (-1 - 1) - (3 + -7 - -5).
3
Evaluate 18 - 0 - 4 - (12 + -5).
7
What is the value of 31 - (-2 + (10 - 7) + 6)?
24
What is 30 + (-40 - -17 - 9)?
-2
Calculate -9 - (7 + -16) - (-2 - (-3 - 1)).
-2
What is the value of (-9 - (10 + -11 - -2)) + (-1 - -3)?
-8
Evaluate 6 + (3 - 22) + 12 + -2 + -2.
-5
What is the value of (1 - -10) + -12 + 11 + -5 + 3?
8
Calculate 2 - -1 - (17 + (1 - 14)).
-1
Evaluate 5 - (2 - (-7 + 5) - -9).
-8
Calculate 0 + 1 + -4 + 60 + -101 + 12.
-32
What is 7 - (18 - (3 + -1 - 4) - 6)?
-7
What is the value of 5 + -6 + -9 - (16 + -9 - 21)?
4
What is -559 - -545 - (-33 + -2)?
21
What is the value of (-3 - -2) + -3 - (-136 - -132)?
0
Calculate (19 - 10 - 4) + 5.
10
What is 0 + (24 - (-6 - -9))?
21
73 - 73 - ((-2 - -3) + (3 - 2))
-2
Evaluate 6 + (2 - (19 - 1) - 4).
-14
-11 + 24 - ((3 - 14) + 34)
-10
-13 + -8 + 7 - (-2 - 3)
-9
What is the value of 26 + (3 - -2) - (10 - 1 - 1)?
23
(-4 - (30 + (-4 - -12))) + 16
-26
What is the value of -16 + (-5 + -1 - -34)?
12
Calculate 14 - (-4 - -35) - -19.
2
Evaluate 0 + 8 - (0 - (-5 + 2)) - 10.
-5
What is the value of -18 - (1 + 7 - (1 + 15 + -9))?
-19
What is the value of (-18 - (1 + 2)) + 9?
-12
Evaluate 1 + (1 - 2) + 11 + -11 + -9.
-9
3 - (4 - (3 - 3 - -5))
4
-5 + 1 + (-3 + -2 + 10 - -2)
3
8 + -1 - ((-4 - -1) + -9 + 10)
9
Calculate 2 + 1 + (14 - (0 + -7 - -14)).
10
-4 + 0 + 4 + (10 - -1)
11
-45 + 80 - ((-1 - (-2 - -3)) + 3)
34
Calculate -36 + -40 + 80 + -1 + -2.
1
What is the value of (-27 - (6 - 25)) + -38 + 6 + 1?
-39
-76 + 75 - (-8 + 6)
1
-16 + -9 + (34 - -2) - (24 + 1)
-14
What is 13 - (0 + (9 - -4))?
0
(-9 + (5 - -1) - (-4 - 6))